at are the prime factors of d?
2, 277
Let p be 3 - -316 - (0 + 8 - 4). Suppose -p = -2*b + 131. What are the prime factors of b?
223
Suppose -4*c + 0*c = -3*h + 1099, 3*h - 3*c - 1104 = 0. What are the prime factors of h?
373
Suppose -7 - 7 = 2*c. Let o = c - -2. Let v(k) = -k**2 - 7*k - 3. What are the prime factors of v(o)?
7
Let v = -6 - -7. Suppose 33 = 5*p - 2*f, 5*p + 5*f - 6 = -v. Suppose 4*b = -3*h + 143, -p*h = b + 2*b - 220. List the prime factors of h.
41
Let k(x) = -5*x - 10. Let p be k(-6). Suppose -1480 = 10*v - p*v. List the prime factors of v.
2, 37
Let k(l) = -32*l - 2. Suppose 3*w + 5 = -5*j, -2*j + 0*j - 4*w - 2 = 0. What are the prime factors of k(j)?
2, 3, 5
Let t = -108 - -108. Suppose -3*p + 5*x + 996 = t, 7*p = 4*p + x + 984. What are the prime factors of p?
3, 109
Suppose 456 = -x + 4*x + 3*p, -3*p - 776 = -5*x. Suppose 2*f = 9*f - x. List the prime factors of f.
2, 11
Let u = -50 + 84. Suppose u = n + v - 11, -v + 92 = 2*n. List the prime factors of n.
47
Suppose -2*o - 2*p + 223 = -3*p, -253 = -2*o - 5*p. Suppose 0 = -2*k + 4*m + 132, -6*k - 2*m + o = -4*k. What are the prime factors of k?
2, 3, 5
Suppose -2*a - 13 = -a. Let k = -12 - a. Suppose -2*f + 3 = -k. List the prime factors of f.
2
Let i(n) = -n**3 + 6*n**2 + 8*n - 2. Let g be i(7). Suppose 2*c + 2 - 1 = -p, 0 = g*p - 4*c - 37. Suppose 64 = p*v - v. List the prime factors of v.
2
Suppose -55*r = -20*r - 22575. List the prime factors of r.
3, 5, 43
Let m = 3 - 1. Suppose -2*l + 10 = 0, 27 = -m*p + 3*p + 5*l. Suppose f + 3*v - 24 = -2*f, -v - 13 = -p*f. List the prime factors of f.
7
Let n(h) be the third derivative of 0 + 0*h - 1/120*h**6 + 0*h**3 + 6*h**2 - 1/5*h**5 - 1/8*h**4. What are the prime factors of n(-12)?
2, 3
Let m(l) = 39*l**2 - 10*l - 45. List the prime factors of m(-6).
3, 11, 43
Let p(d) = 14*d**2 - 3*d + 181. List the prime factors of p(13).
2, 3, 11, 19
Let u(w) = -w**2 - 4*w + 4. Let q be u(-4). Suppose -3 = h - 0, -q*d - 2*h = -114. List the prime factors of d.
2, 3, 5
Suppose 548*y + 1347 = 551*y. What are the prime factors of y?
449
Suppose -3*g + 4*l = 5*l - 5236, -3*g + 5244 = 3*l. What are the prime factors of g?
2, 109
Suppose -5*i = 4*u - 23, 3*u + 2*i = 14 + 12. Let l be (-9 + 1)*(-3)/u. Suppose -y = -a, -2*a = 2*y + l - 14. List the prime factors of y.
3
Suppose -29*w + 17250 = -23*w. List the prime factors of w.
5, 23
Let n = 772 + -242. Suppose n = 15*t - 10*t. What are the prime factors of t?
2, 53
Suppose 2*m - 3*m = -141. Let h = -70 + m. List the prime factors of h.
71
Let f = 21 - 11. Let t be (-6)/(3/24*2). Let c = f - t. List the prime factors of c.
2, 17
Suppose -3*y = y - 5*j - 6684, -y + 1674 = -2*j. List the prime factors of y.
2, 7, 17
Suppose -2*v + 4132 - 455 = 3*k, -2*k = 4*v - 7350. What are the prime factors of v?
11, 167
Suppose 0 = -4*p, 7*p - 4*p - 60 = -4*y. List the prime factors of (504/(-35))/((-3)/y).
2, 3
Suppose 0 = 10*p + 4893 - 14723. What are the prime factors of p?
983
Let f be 16/(-4)*(-21)/12. Let z(y) = 3*y**2 - 10*y + 8. Let b be z(f). Suppose 5*t - 15 = b. List the prime factors of t.
2, 5
Let s be ((-96)/40)/(2/5). What are the prime factors of (10/s - -2) + 406/6?
2, 17
Let k = 12 + -5. Suppose -k*c + 213 = -74. What are the prime factors of c?
41
Suppose -5*i - u - 2*u = -206, 2*i - 5*u = 70. What are the prime factors of i?
2, 5
Suppose j - 1197 = -349. List the prime factors of j.
2, 53
Let j(g) = g**2 + 7. Let u be j(0). Let p be (-21142)/(-77) + 3/u. Suppose -5*h - 102 + p = f, -5*f = -5*h + 185. List the prime factors of h.
5, 7
Let b = 11 + 10. Let r = b + -51. Let d = 34 + r. List the prime factors of d.
2
Let h(z) be the third derivative of -31*z**4/6 - z**3/2 + z**2. Let o be h(1). What are the prime factors of o/(-4) + 3/(-4)?
31
What are the prime factors of (9648/99)/8 + (-10)/55?
2, 3
Suppose 0 = -3*c + 7*c - 2704. Suppose 0 = -7*d + c - 193. List the prime factors of d.
3, 23
Suppose -3*j + 10 = -0*j - d, -5*d - 28 = -4*j. Suppose -206 = -j*n + 2*l, 2*l + 3*l - 309 = -3*n. What are the prime factors of n?
103
Suppose 67 + 53 = 5*v. Let k be (-12)/(-3)*246/v. Suppose y + k = 2*y. What are the prime factors of y?
41
Let d(h) = h**2 - 2*h - 3. Let n be d(-7). Let k be -9 - -7 - (1 - n). Suppose 4*v - 9*v = 2*m - 6, -5*m + k = 2*v. List the prime factors of m.
13
Let a = 4877 + -950. List the prime factors of a.
3, 7, 11, 17
Let s(x) = x**2 - x - 4. Let k be s(5). Suppose -22 = -26*q + 56. List the prime factors of -2 + 0 + q + k.
17
What are the prime factors of (-5)/((-75)/12)*(-18715)/(-38)?
2, 197
Let q be (-248)/(-20) - (-6)/(-15). Let t = q - -6. List the prime factors of 14/63 + 1058/t.
59
Let u be 6/((32/36)/4). Let t = 188 - u. Suppose 0 = 4*z + 13 - t. List the prime factors of z.
37
Suppose 2*h - 2 = h. Let w = -84 - -114. Suppose h*j - w = 4. List the prime factors of j.
17
Let b(j) = -5*j**2 - 3*j - 2. Let m(k) = k**2. Let i(a) = -b(a) - 3*m(a). Let l be i(-5). Let f = -25 + l. List the prime factors of f.
2, 3
Suppose 4*b + 229 = -3*o, 0 = 5*b + 3*o - 197 + 487. Let u be b/6 + 2/12. Let v = 26 - u. What are the prime factors of v?
2, 3
Let k(x) = -2*x + 2. Let f be k(-3). Suppose -f*o - 79 = -807. What are the prime factors of o?
7, 13
Let a(g) = -2*g + 15. Let s be a(4). Suppose s*y = -y + 824. List the prime factors of y.
103
Suppose 2*i = 3*i + 5*r - 3, 4*i + r - 12 = 0. Suppose i*m + 57 = 78. What are the prime factors of m?
7
Let d(h) = 5*h**2 - 3*h - 18. Let i be d(7). Let k = -109 + i. List the prime factors of k.
97
Let r(q) = -q**3 - 4*q**2 - 6*q - 4. Let z be r(-4). Let l be (-1 + -7)/(3/(-12)). Let k = l - z. List the prime factors of k.
2, 3
Suppose -2*w = -4*s - 2118, 20 = 5*s + 25. What are the prime factors of w?
7, 151
Suppose 0 = -0*z - z + 2. Suppose z*m - 16 = -2*l, 2*m + 5*l - 5 = 17. List the prime factors of (m/4)/(-3)*-86.
43
Suppose 22*j = 505 - 43. What are the prime factors of j?
3, 7
Suppose 8*t - 4*t = -52. Let n(o) = -2*o + 9. Let u be n(t). Let a = -4 + u. List the prime factors of a.
31
Let n(a) = -a**2 + a - 9. Let c be n(0). Let z be c*(-3)/36*-4. What are the prime factors of 8 + z*(-3)/(-9)?
7
Suppose -4*x + 3*x = 74. Let n = x + 107. What are the prime factors of n?
3, 11
Let k be (6*6/(-9))/((-4)/20). List the prime factors of (k - 22)*(-470)/4.
5, 47
Suppose -z - o + 5 = 0, -3*z + 3*o - 5*o = -12. Suppose -4*q + 28 + 39 = -l, z*q + 3*l = 37. List the prime factors of q.
17
Suppose 44 = 2*z - 5*x, 3*x - 7*x = 2*z - 8. Let h be z/42 - 276/(-14). Let b = -7 + h. What are the prime factors of b?
13
Suppose 0 = 4*k + 20 - 0. Let v(d) = -10*d - 4. Let h be v(k). What are the prime factors of (h/8)/(2/8)?
23
Suppose 1115 = -8*k + 6747. What are the prime factors of k?
2, 11
Suppose 6*b - 4*b = 2*f - 6760, 5*b - 15 = 0. Suppose -16*n + f = -1673. List the prime factors of n.
2, 79
Let o be (132/15)/(3/(-15)). Suppose l = -0*l + 4*q + 68, -3*q + 169 = 2*l. Let u = l + o. List the prime factors of u.
2, 3
Suppose -15 = 5*n, 0 = -0*d - 2*d - 5*n - 11. Suppose 2*p = 5*x, 2*x + 2*x = -d*p. List the prime factors of (81 + x)*(-5)/(-15).
3
Suppose 3*m + 1183 = -32*q + 33*q, 0 = q - m - 1193. List the prime factors of q.
2, 599
Let t(s) = 450*s**2 + 11*s + 5. List the prime factors of t(-3).
2, 2011
Suppose -s + 4*s - d - 25 = 0, 5 = 3*s + 4*d. Suppose 5*m = s*m - 16. What are the prime factors of m?
2
What are the prime factors of ((-6)/8)/(-3) + 3207/4?
2, 401
Suppose -2 = -3*d + 4*d. Suppose 3*v - 3*a = -69, 4*a = 4*v + 2*a + 100. Let y = d - v. What are the prime factors of y?
5
Suppose 5 = m + 3*u, -5*u + 15 = 5*m - 0*m. Suppose -o + m*k = -85, -6*k + 2*k = -o + 91. List the prime factors of o.
79
Let w = -9605 - -13484. List the prime factors of w.
3, 431
Let l = 890 - 259. What are the prime factors of l?
631
Let b be (-50)/15*348/(-5). Let m = 368 - b. List the prime factors of m.
2, 17
Let u be -3 - 2*2/(-4)*2. List the prime factors of (-7)/((-14)/212) - u.
107
Suppose 3*y + 794 = 2204. What are the prime factors of y?
2, 5, 47
Let s = -6308 - -10903. What are the prime factors of s?
5, 919
Suppose -n + 4 = n - 2*c, 0 = -4*n - 4*c. Let o be -3*(2 + -4 + n). Suppose o*f = -w + 76, -f - w = 2 - 28. List the prime factors of f.
5
Let